{"id":114,"date":"2024-08-11T17:03:21","date_gmt":"2024-08-11T16:03:21","guid":{"rendered":"https:\/\/opre.ro\/?page_id=114"},"modified":"2024-08-15T19:18:28","modified_gmt":"2024-08-15T18:18:28","slug":"contact","status":"publish","type":"page","link":"https:\/\/opre.ro\/index.php\/contact\/","title":{"rendered":"Contacteaz\u0103 Avoca\u021bii No\u0219tri \u2013 Cabinet de Avocatur\u0103 Aurelian OPRE"},"content":{"rendered":"\t\t<div data-elementor-type=\"wp-page\" data-elementor-id=\"114\" class=\"elementor elementor-114\" data-elementor-post-type=\"page\">\n\t\t\t\t\t\t<section class=\"elementor-section elementor-top-section elementor-element elementor-element-7afae308 elementor-section-boxed elementor-section-height-default elementor-section-height-default\" data-id=\"7afae308\" data-element_type=\"section\" data-e-type=\"section\" data-settings=\"{&quot;background_background&quot;:&quot;classic&quot;}\">\n\t\t\t\t\t\t\t<div class=\"elementor-background-overlay\"><\/div>\n\t\t\t\t\t\t\t<div class=\"elementor-container elementor-column-gap-default\">\n\t\t\t\t\t<div class=\"elementor-column elementor-col-50 elementor-top-column elementor-element elementor-element-30c143f3\" data-id=\"30c143f3\" data-element_type=\"column\" data-e-type=\"column\">\n\t\t\t<div class=\"elementor-widget-wrap elementor-element-populated\">\n\t\t\t\t\t\t<div class=\"elementor-element elementor-element-34c4e47c elementor-headline--style-rotate elementor-widget elementor-widget-animated-headline\" data-id=\"34c4e47c\" data-element_type=\"widget\" data-e-type=\"widget\" data-settings=\"{&quot;headline_style&quot;:&quot;rotate&quot;,&quot;animation_type&quot;:&quot;slide-down&quot;,&quot;rotating_text&quot;:&quot;Dreptul Muncii\\nDreptul Administrativ\\nDreptul Societar\\nDreptul Civil\\nDreptul Penal al Afacerilor&quot;,&quot;rotate_iteration_delay&quot;:1500,&quot;loop&quot;:&quot;yes&quot;}\" data-widget_type=\"animated-headline.default\">\n\t\t\t\t<div class=\"elementor-widget-container\">\n\t\t\t\t\t\t\t<h6 class=\"elementor-headline elementor-headline-animation-type-slide-down\">\n\t\t\t\t\t<span class=\"elementor-headline-plain-text elementor-headline-text-wrapper\">Specializa\u021bi \u00een<\/span>\n\t\t\t\t<span class=\"elementor-headline-dynamic-wrapper elementor-headline-text-wrapper\">\n\t\t\t\t\t<span class=\"elementor-headline-dynamic-text elementor-headline-text-active\">\n\t\t\t\tDreptul&nbsp;Muncii\t\t\t<\/span>\n\t\t\t\t\t<span class=\"elementor-headline-dynamic-text\">\n\t\t\t\tDreptul&nbsp;Administrativ\t\t\t<\/span>\n\t\t\t\t\t<span class=\"elementor-headline-dynamic-text\">\n\t\t\t\tDreptul&nbsp;Societar\t\t\t<\/span>\n\t\t\t\t\t<span class=\"elementor-headline-dynamic-text\">\n\t\t\t\tDreptul&nbsp;Civil\t\t\t<\/span>\n\t\t\t\t\t<span class=\"elementor-headline-dynamic-text\">\n\t\t\t\tDreptul&nbsp;Penal&nbsp;al&nbsp;Afacerilor\t\t\t<\/span>\n\t\t\t\t\t\t<\/span>\n\t\t\t\t<\/h6>\n\t\t\t\t\t\t<\/div>\n\t\t\t\t<\/div>\n\t\t\t\t<div class=\"elementor-element elementor-element-153a8cdd elementor-widget elementor-widget-text-editor\" data-id=\"153a8cdd\" data-element_type=\"widget\" data-e-type=\"widget\" data-widget_type=\"text-editor.default\">\n\t\t\t\t<div class=\"elementor-widget-container\">\n\t\t\t\t\t\t\t\t\t<ul class=\"elementor-icon-list-items elementor-inline-items\"><li class=\"elementor-icon-list-item elementor-inline-item\"><span class=\"elementor-icon-list-text\">GEOGRAFIA NU REPREZINT\u0102 O LIMIT\u0102 PENTRU NOI!<\/span><\/li><\/ul>\t\t\t\t\t\t\t\t<\/div>\n\t\t\t\t<\/div>\n\t\t\t\t\t<\/div>\n\t\t<\/div>\n\t\t\t\t<div class=\"elementor-column elementor-col-50 elementor-top-column elementor-element elementor-element-6b1a401a elementor-hidden-tablet elementor-hidden-mobile\" data-id=\"6b1a401a\" data-element_type=\"column\" data-e-type=\"column\">\n\t\t\t<div class=\"elementor-widget-wrap\">\n\t\t\t\t\t\t\t<\/div>\n\t\t<\/div>\n\t\t\t\t\t<\/div>\n\t\t<\/section>\n\t\t\t\t<section class=\"elementor-section elementor-top-section elementor-element elementor-element-4def09da elementor-section-boxed elementor-section-height-default elementor-section-height-default\" data-id=\"4def09da\" data-element_type=\"section\" data-e-type=\"section\" data-settings=\"{&quot;background_background&quot;:&quot;classic&quot;}\">\n\t\t\t\t\t\t<div class=\"elementor-container elementor-column-gap-default\">\n\t\t\t\t\t<div class=\"elementor-column elementor-col-50 elementor-top-column elementor-element elementor-element-6f135565\" data-id=\"6f135565\" data-element_type=\"column\" data-e-type=\"column\">\n\t\t\t<div class=\"elementor-widget-wrap elementor-element-populated\">\n\t\t\t\t\t\t<div class=\"elementor-element elementor-element-256f0faf elementor-invisible elementor-widget elementor-widget-heading\" data-id=\"256f0faf\" data-element_type=\"widget\" data-e-type=\"widget\" data-settings=\"{&quot;_animation&quot;:&quot;fadeInUp&quot;}\" data-widget_type=\"heading.default\">\n\t\t\t\t<div class=\"elementor-widget-container\">\n\t\t\t\t\t<h2 class=\"elementor-heading-title elementor-size-default\">Contacteaz\u0103-ne Acum<\/h2>\t\t\t\t<\/div>\n\t\t\t\t<\/div>\n\t\t\t\t<div class=\"elementor-element elementor-element-243546aa elementor-invisible elementor-widget elementor-widget-heading\" data-id=\"243546aa\" data-element_type=\"widget\" data-e-type=\"widget\" data-settings=\"{&quot;_animation&quot;:&quot;fadeInUp&quot;,&quot;_animation_delay&quot;:200}\" data-widget_type=\"heading.default\">\n\t\t\t\t<div class=\"elementor-widget-container\">\n\t\t\t\t\t<h2 class=\"elementor-heading-title elementor-size-default\">Asisten\u021b\u0103 Juridic\u0103 la Un Click Distan\u021b\u0103<\/h2>\t\t\t\t<\/div>\n\t\t\t\t<\/div>\n\t\t\t\t<div class=\"elementor-element elementor-element-5eb7a424 elementor-widget elementor-widget-text-editor\" data-id=\"5eb7a424\" data-element_type=\"widget\" data-e-type=\"widget\" data-widget_type=\"text-editor.default\">\n\t\t\t\t<div class=\"elementor-widget-container\">\n\t\t\t\t\t\t\t\t\t<p><strong>Indiferent unde v\u0103 afla\u021bi, noi suntem aici s\u0103 v\u0103 solu\u021bion\u0103m problemele juridice. Descoperi\u021bi serviciile noastre oriunde \u00een Rom\u00e2nia \u0219i \u00een str\u0103in\u0103tate.<\/strong><\/p>\t\t\t\t\t\t\t\t<\/div>\n\t\t\t\t<\/div>\n\t\t\t\t<div class=\"elementor-element elementor-element-5f5765e0 elementor-position-inline-start elementor-view-default elementor-mobile-position-block-start elementor-invisible elementor-widget elementor-widget-icon-box\" data-id=\"5f5765e0\" data-element_type=\"widget\" data-e-type=\"widget\" data-settings=\"{&quot;_animation&quot;:&quot;fadeInUp&quot;}\" data-widget_type=\"icon-box.default\">\n\t\t\t\t<div class=\"elementor-widget-container\">\n\t\t\t\t\t\t\t<div class=\"elementor-icon-box-wrapper\">\n\n\t\t\t\t\t\t<div class=\"elementor-icon-box-icon\">\n\t\t\t\t<span  class=\"elementor-icon\">\n\t\t\t\t<i aria-hidden=\"true\" class=\"icon icon-map1\"><\/i>\t\t\t\t<\/span>\n\t\t\t<\/div>\n\t\t\t\n\t\t\t\t\t\t<div class=\"elementor-icon-box-content\">\n\n\t\t\t\t\t\t\t\t\t<h4 class=\"elementor-icon-box-title\">\n\t\t\t\t\t\t<span  >\n\t\t\t\t\t\t\tAdres\u0103\t\t\t\t\t\t<\/span>\n\t\t\t\t\t<\/h4>\n\t\t\t\t\n\t\t\t\t\t\t\t\t\t<p class=\"elementor-icon-box-description\">\n\t\t\t\t\t\tLoc. Giroc, str. Trandafirilor, nr. 88, jud. Timi\u0219, cod. 307220\t\t\t\t\t<\/p>\n\t\t\t\t\n\t\t\t<\/div>\n\t\t\t\n\t\t<\/div>\n\t\t\t\t\t\t<\/div>\n\t\t\t\t<\/div>\n\t\t\t\t<div class=\"elementor-element elementor-element-62e57a42 elementor-position-inline-start elementor-view-default elementor-mobile-position-block-start elementor-invisible elementor-widget elementor-widget-icon-box\" data-id=\"62e57a42\" data-element_type=\"widget\" data-e-type=\"widget\" data-settings=\"{&quot;_animation&quot;:&quot;fadeInUp&quot;,&quot;_animation_delay&quot;:200}\" data-widget_type=\"icon-box.default\">\n\t\t\t\t<div class=\"elementor-widget-container\">\n\t\t\t\t\t\t\t<div class=\"elementor-icon-box-wrapper\">\n\n\t\t\t\t\t\t<div class=\"elementor-icon-box-icon\">\n\t\t\t\t<span  class=\"elementor-icon\">\n\t\t\t\t<i aria-hidden=\"true\" class=\"icon icon-envelope11\"><\/i>\t\t\t\t<\/span>\n\t\t\t<\/div>\n\t\t\t\n\t\t\t\t\t\t<div class=\"elementor-icon-box-content\">\n\n\t\t\t\t\t\t\t\t\t<h4 class=\"elementor-icon-box-title\">\n\t\t\t\t\t\t<span  >\n\t\t\t\t\t\t\tEmail \t\t\t\t\t\t<\/span>\n\t\t\t\t\t<\/h4>\n\t\t\t\t\n\t\t\t\t\t\t\t\t\t<p class=\"elementor-icon-box-description\">\n\t\t\t\t\t\taurelian@opre.ro\t\t\t\t\t<\/p>\n\t\t\t\t\n\t\t\t<\/div>\n\t\t\t\n\t\t<\/div>\n\t\t\t\t\t\t<\/div>\n\t\t\t\t<\/div>\n\t\t\t\t<div class=\"elementor-element elementor-element-12b31f3d elementor-position-inline-start elementor-view-default elementor-mobile-position-block-start elementor-invisible elementor-widget elementor-widget-icon-box\" data-id=\"12b31f3d\" data-element_type=\"widget\" data-e-type=\"widget\" data-settings=\"{&quot;_animation&quot;:&quot;fadeInUp&quot;,&quot;_animation_delay&quot;:400}\" data-widget_type=\"icon-box.default\">\n\t\t\t\t<div class=\"elementor-widget-container\">\n\t\t\t\t\t\t\t<div class=\"elementor-icon-box-wrapper\">\n\n\t\t\t\t\t\t<div class=\"elementor-icon-box-icon\">\n\t\t\t\t<span  class=\"elementor-icon\">\n\t\t\t\t<i aria-hidden=\"true\" class=\"icon icon-phone-call1\"><\/i>\t\t\t\t<\/span>\n\t\t\t<\/div>\n\t\t\t\n\t\t\t\t\t\t<div class=\"elementor-icon-box-content\">\n\n\t\t\t\t\t\t\t\t\t<h4 class=\"elementor-icon-box-title\">\n\t\t\t\t\t\t<span  >\n\t\t\t\t\t\t\tTelefon\t\t\t\t\t\t<\/span>\n\t\t\t\t\t<\/h4>\n\t\t\t\t\n\t\t\t\t\t\t\t\t\t<p class=\"elementor-icon-box-description\">\n\t\t\t\t\t\t( +40 ) 723 709 370\t\t\t\t\t<\/p>\n\t\t\t\t\n\t\t\t<\/div>\n\t\t\t\n\t\t<\/div>\n\t\t\t\t\t\t<\/div>\n\t\t\t\t<\/div>\n\t\t\t\t\t<\/div>\n\t\t<\/div>\n\t\t\t\t<div class=\"elementor-column elementor-col-50 elementor-top-column elementor-element elementor-element-9e919f9\" data-id=\"9e919f9\" data-element_type=\"column\" data-e-type=\"column\">\n\t\t\t<div class=\"elementor-widget-wrap elementor-element-populated\">\n\t\t\t\t\t\t<div class=\"elementor-element elementor-element-cd7fabe elementor-widget elementor-widget-heading\" data-id=\"cd7fabe\" data-element_type=\"widget\" data-e-type=\"widget\" data-widget_type=\"heading.default\">\n\t\t\t\t<div class=\"elementor-widget-container\">\n\t\t\t\t\t<h3 class=\"elementor-heading-title elementor-size-default\">Asisten\u021b\u0103 juridic\u0103 la un click distan\u021b\u0103<\/h3>\t\t\t\t<\/div>\n\t\t\t\t<\/div>\n\t\t\t\t<div class=\"elementor-element elementor-element-7e3730d elementor-button-align-start elementor-widget elementor-widget-form\" data-id=\"7e3730d\" data-element_type=\"widget\" data-e-type=\"widget\" data-settings=\"{&quot;step_next_label&quot;:&quot;Next&quot;,&quot;step_previous_label&quot;:&quot;Previous&quot;,&quot;button_width&quot;:&quot;100&quot;,&quot;step_type&quot;:&quot;number_text&quot;,&quot;step_icon_shape&quot;:&quot;circle&quot;}\" data-widget_type=\"form.default\">\n\t\t\t\t<div class=\"elementor-widget-container\">\n\t\t\t\t\t\t\t<form class=\"elementor-form\" method=\"post\" name=\"Form Fast Consultation\">\n\t\t\t<input type=\"hidden\" name=\"post_id\" value=\"114\"\/>\n\t\t\t<input type=\"hidden\" name=\"form_id\" value=\"7e3730d\"\/>\n\t\t\t<input type=\"hidden\" name=\"referer_title\" value=\"\" \/>\n\n\t\t\t\n\t\t\t<div class=\"elementor-form-fields-wrapper elementor-labels-above\">\n\t\t\t\t\t\t\t\t<div class=\"elementor-field-type-select elementor-field-group elementor-column elementor-field-group-name elementor-col-50\">\n\t\t\t\t\t\t\t\t\t\t\t\t<label for=\"form-field-name\" class=\"elementor-field-label\">\n\t\t\t\t\t\t\t\tAlege domeniul\t\t\t\t\t\t\t<\/label>\n\t\t\t\t\t\t\t\t<div class=\"elementor-field elementor-select-wrapper remove-before \">\n\t\t\t<div class=\"select-caret-down-wrapper\">\n\t\t\t\t<svg aria-hidden=\"true\" class=\"e-font-icon-svg e-eicon-caret-down\" viewBox=\"0 0 571.4 571.4\" xmlns=\"http:\/\/www.w3.org\/2000\/svg\"><path d=\"M571 393Q571 407 561 418L311 668Q300 679 286 679T261 668L11 418Q0 407 0 393T11 368 36 357H536Q550 357 561 368T571 393Z\"><\/path><\/svg>\t\t\t<\/div>\n\t\t\t<select name=\"form_fields[name]\" id=\"form-field-name\" class=\"elementor-field-textual elementor-size-md\">\n\t\t\t\t\t\t\t\t\t<option value=\"Dreptul Muncii\">Dreptul Muncii<\/option>\n\t\t\t\t\t\t\t\t\t<option value=\"Drept Administrativ\">Drept Administrativ<\/option>\n\t\t\t\t\t\t\t\t\t<option value=\"Drept Societar\">Drept Societar<\/option>\n\t\t\t\t\t\t\t\t\t<option value=\"Drept Civil\">Drept Civil<\/option>\n\t\t\t\t\t\t\t\t\t<option value=\"Drept penal afaceri\">Drept penal afaceri<\/option>\n\t\t\t\t\t\t\t<\/select>\n\t\t<\/div>\n\t\t\t\t\t\t<\/div>\n\t\t\t\t\t\t\t\t<div class=\"elementor-field-type-email elementor-field-group elementor-column elementor-field-group-email elementor-col-50 elementor-field-required\">\n\t\t\t\t\t\t\t\t\t\t\t\t<label for=\"form-field-email\" class=\"elementor-field-label\">\n\t\t\t\t\t\t\t\tAdres\u0103 de email\t\t\t\t\t\t\t<\/label>\n\t\t\t\t\t\t\t\t\t\t\t\t\t\t<input size=\"1\" type=\"email\" name=\"form_fields[email]\" id=\"form-field-email\" class=\"elementor-field elementor-size-md  elementor-field-textual\" placeholder=\"Email\" required=\"required\" aria-required=\"true\">\n\t\t\t\t\t\t\t\t\t\t\t<\/div>\n\t\t\t\t\t\t\t\t<div class=\"elementor-field-type-textarea elementor-field-group elementor-column elementor-field-group-message elementor-col-100\">\n\t\t\t\t\t\t\t\t\t\t\t\t<label for=\"form-field-message\" class=\"elementor-field-label\">\n\t\t\t\t\t\t\t\tCu ce te putem ajuta?\t\t\t\t\t\t\t<\/label>\n\t\t\t\t\t\t<textarea class=\"elementor-field-textual elementor-field  elementor-size-md\" name=\"form_fields[message]\" id=\"form-field-message\" rows=\"4\" placeholder=\"Scrie aici...\"><\/textarea>\t\t\t\t<\/div>\n\t\t\t\t\t\t\t\t<div class=\"elementor-field-type-acceptance elementor-field-group elementor-column elementor-field-group-field_ffdffa9 elementor-col-100\">\n\t\t\t\t\t\t\t<div class=\"elementor-field-subgroup\">\n\t\t\t<span class=\"elementor-field-option\">\n\t\t\t\t<input type=\"checkbox\" name=\"form_fields[field_ffdffa9]\" id=\"form-field-field_ffdffa9\" class=\"elementor-field elementor-size-md  elementor-acceptance-field\">\n\t\t\t\t<label for=\"form-field-field_ffdffa9\">Sunt de acord cu Termenii \u0219i Condi\u021biile \u0219i Politica de Cookies<\/label>\t\t\t<\/span>\n\t\t<\/div>\n\t\t\t\t\t\t<\/div>\n\t\t\t\t\t\t\t\t<div class=\"elementor-field-group elementor-column elementor-field-type-submit elementor-col-100 e-form__buttons\">\n\t\t\t\t\t<button type=\"submit\" class=\"elementor-button elementor-size-md\">\n\t\t\t\t\t\t<span >\n\t\t\t\t\t\t\t\t\t\t\t\t\t\t\t<span class=\" elementor-button-icon\">\n\t\t\t\t\t\t\t\t\t\t\t\t\t\t\t\t\t\t\t\t\t\t\t\t\t\t<\/span>\n\t\t\t\t\t\t\t\t\t\t\t\t\t\t\t\t\t\t\t\t\t\t<span class=\"elementor-button-text\">trimite <\/span>\n\t\t\t\t\t\t\t\t\t\t\t\t\t<\/span>\n\t\t\t\t\t<\/button>\n\t\t\t\t<\/div>\n\t\t\t<\/div>\n\t\t<\/form>\n\t\t\t\t\t\t<\/div>\n\t\t\t\t<\/div>\n\t\t\t\t\t<\/div>\n\t\t<\/div>\n\t\t\t\t\t<\/div>\n\t\t<\/section>\n\t\t<div class=\"elementor-element elementor-element-d9f0cea e-flex e-con-boxed e-con e-parent\" data-id=\"d9f0cea\" data-element_type=\"container\" data-e-type=\"container\">\n\t\t\t\t\t<div class=\"e-con-inner\">\n\t\t\t\t<div class=\"elementor-element elementor-element-a6c85ae elementor-widget elementor-widget-google_maps\" data-id=\"a6c85ae\" data-element_type=\"widget\" data-e-type=\"widget\" data-widget_type=\"google_maps.default\">\n\t\t\t\t<div class=\"elementor-widget-container\">\n\t\t\t\t\t\t\t<div class=\"elementor-custom-embed\">\n\t\t\t<iframe loading=\"lazy\"\n\t\t\t\t\tsrc=\"https:\/\/maps.google.com\/maps?q=Loc.%20Giroc%2C%20str.%20Trandafirilor%2C%20nr.%2088%2C%20jud.%20Timi%C8%99%2C%20cod.%20307220&#038;t=m&#038;z=10&#038;output=embed&#038;iwloc=near\"\n\t\t\t\t\ttitle=\"Loc. Giroc, str. Trandafirilor, nr. 88, jud. Timi\u0219, cod. 307220\"\n\t\t\t\t\taria-label=\"Loc. Giroc, str. Trandafirilor, nr. 88, jud. Timi\u0219, cod. 307220\"\n\t\t\t><\/iframe>\n\t\t<\/div>\n\t\t\t\t\t\t<\/div>\n\t\t\t\t<\/div>\n\t\t\t\t\t<\/div>\n\t\t\t\t<\/div>\n\t\t\t\t<\/div>\n\t\t","protected":false},"excerpt":{"rendered":"<p>Specializa\u021bi \u00een Dreptul&nbsp;Muncii Dreptul&nbsp;Administrativ Dreptul&nbsp;Societar Dreptul&nbsp;Civil Dreptul&nbsp;Penal&nbsp;al&nbsp;Afacerilor GEOGRAFIA NU REPREZINT\u0102 O LIMIT\u0102 PENTRU NOI! Contacteaz\u0103-ne Acum Asisten\u021b\u0103 Juridic\u0103 la Un Click Distan\u021b\u0103 Indiferent unde v\u0103 afla\u021bi, noi suntem aici s\u0103 v\u0103 solu\u021bion\u0103m problemele juridice. Descoperi\u021bi serviciile noastre oriunde \u00een Rom\u00e2nia \u0219i \u00een str\u0103in\u0103tate. Adres\u0103 Loc. Giroc, str. Trandafirilor, nr. 88, jud. Timi\u0219, cod. 307220 Email [&hellip;]<\/p>\n","protected":false},"author":1,"featured_media":87,"parent":0,"menu_order":0,"comment_status":"closed","ping_status":"closed","template":"","meta":{"iawp_total_views":60,"footnotes":""},"class_list":["post-114","page","type-page","status-publish","has-post-thumbnail","hentry"],"yoast_head":"<!-- This site is optimized with the Yoast SEO plugin v25.9 - https:\/\/yoast.com\/wordpress\/plugins\/seo\/ -->\n<title>Contacteaz\u0103 Avoca\u021bii No\u0219tri \u2013 Cabinet de Avocatur\u0103 Aurelian OPRE -<\/title>\n<meta name=\"description\" content=\"Contacteaz\u0103 cabinetul de avocatur\u0103 Aurelia OPRE pentru consultan\u021b\u0103 juridic\u0103. Completeaz\u0103 formularul sau sun\u0103-ne pentru a discuta despre nevoile tale legale.\" \/>\n<meta name=\"robots\" content=\"index, follow, max-snippet:-1, max-image-preview:large, max-video-preview:-1\" \/>\n<link rel=\"canonical\" href=\"https:\/\/opre.ro\/index.php\/contact\/\" \/>\n<meta property=\"og:locale\" content=\"en_US\" \/>\n<meta property=\"og:type\" content=\"article\" \/>\n<meta property=\"og:title\" content=\"Contacteaz\u0103 Avoca\u021bii No\u0219tri \u2013 Cabinet de Avocatur\u0103 Aurelian OPRE -\" \/>\n<meta property=\"og:description\" content=\"Contacteaz\u0103 cabinetul de avocatur\u0103 Aurelia OPRE pentru consultan\u021b\u0103 juridic\u0103. Completeaz\u0103 formularul sau sun\u0103-ne pentru a discuta despre nevoile tale legale.\" \/>\n<meta property=\"og:url\" content=\"https:\/\/opre.ro\/index.php\/contact\/\" \/>\n<meta property=\"article:modified_time\" content=\"2024-08-15T18:18:28+00:00\" \/>\n<meta property=\"og:image\" content=\"https:\/\/opre.ro\/wp-content\/uploads\/2024\/08\/Design-fara-titlu.png\" \/>\n\t<meta property=\"og:image:width\" content=\"882\" \/>\n\t<meta property=\"og:image:height\" content=\"233\" \/>\n\t<meta property=\"og:image:type\" content=\"image\/png\" \/>\n<meta name=\"twitter:card\" content=\"summary_large_image\" \/>\n<meta name=\"twitter:label1\" content=\"Est. reading time\" \/>\n\t<meta name=\"twitter:data1\" content=\"1 minute\" \/>\n<script type=\"application\/ld+json\" class=\"yoast-schema-graph\">{\"@context\":\"https:\/\/schema.org\",\"@graph\":[{\"@type\":\"WebPage\",\"@id\":\"https:\/\/opre.ro\/index.php\/contact\/\",\"url\":\"https:\/\/opre.ro\/index.php\/contact\/\",\"name\":\"Contacteaz\u0103 Avoca\u021bii No\u0219tri \u2013 Cabinet de Avocatur\u0103 Aurelian OPRE -\",\"isPartOf\":{\"@id\":\"https:\/\/opre.ro\/#website\"},\"primaryImageOfPage\":{\"@id\":\"https:\/\/opre.ro\/index.php\/contact\/#primaryimage\"},\"image\":{\"@id\":\"https:\/\/opre.ro\/index.php\/contact\/#primaryimage\"},\"thumbnailUrl\":\"https:\/\/opre.ro\/wp-content\/uploads\/2024\/08\/Design-fara-titlu.png\",\"datePublished\":\"2024-08-11T16:03:21+00:00\",\"dateModified\":\"2024-08-15T18:18:28+00:00\",\"description\":\"Contacteaz\u0103 cabinetul de avocatur\u0103 Aurelia OPRE pentru consultan\u021b\u0103 juridic\u0103. Completeaz\u0103 formularul sau sun\u0103-ne pentru a discuta despre nevoile tale legale.\",\"breadcrumb\":{\"@id\":\"https:\/\/opre.ro\/index.php\/contact\/#breadcrumb\"},\"inLanguage\":\"en-US\",\"potentialAction\":[{\"@type\":\"ReadAction\",\"target\":[\"https:\/\/opre.ro\/index.php\/contact\/\"]}]},{\"@type\":\"ImageObject\",\"inLanguage\":\"en-US\",\"@id\":\"https:\/\/opre.ro\/index.php\/contact\/#primaryimage\",\"url\":\"https:\/\/opre.ro\/wp-content\/uploads\/2024\/08\/Design-fara-titlu.png\",\"contentUrl\":\"https:\/\/opre.ro\/wp-content\/uploads\/2024\/08\/Design-fara-titlu.png\",\"width\":882,\"height\":233},{\"@type\":\"BreadcrumbList\",\"@id\":\"https:\/\/opre.ro\/index.php\/contact\/#breadcrumb\",\"itemListElement\":[{\"@type\":\"ListItem\",\"position\":1,\"name\":\"Home\",\"item\":\"https:\/\/opre.ro\/\"},{\"@type\":\"ListItem\",\"position\":2,\"name\":\"Contacteaz\u0103 Avoca\u021bii No\u0219tri \u2013 Cabinet de Avocatur\u0103 Aurelian OPRE\"}]},{\"@type\":\"WebSite\",\"@id\":\"https:\/\/opre.ro\/#website\",\"url\":\"https:\/\/opre.ro\/\",\"name\":\"\",\"description\":\"\",\"potentialAction\":[{\"@type\":\"SearchAction\",\"target\":{\"@type\":\"EntryPoint\",\"urlTemplate\":\"https:\/\/opre.ro\/?s={search_term_string}\"},\"query-input\":{\"@type\":\"PropertyValueSpecification\",\"valueRequired\":true,\"valueName\":\"search_term_string\"}}],\"inLanguage\":\"en-US\"}]}<\/script>\n<!-- \/ Yoast SEO plugin. -->","yoast_head_json":{"title":"Contacteaz\u0103 Avoca\u021bii No\u0219tri \u2013 Cabinet de Avocatur\u0103 Aurelian OPRE -","description":"Contacteaz\u0103 cabinetul de avocatur\u0103 Aurelia OPRE pentru consultan\u021b\u0103 juridic\u0103. Completeaz\u0103 formularul sau sun\u0103-ne pentru a discuta despre nevoile tale legale.","robots":{"index":"index","follow":"follow","max-snippet":"max-snippet:-1","max-image-preview":"max-image-preview:large","max-video-preview":"max-video-preview:-1"},"canonical":"https:\/\/opre.ro\/index.php\/contact\/","og_locale":"en_US","og_type":"article","og_title":"Contacteaz\u0103 Avoca\u021bii No\u0219tri \u2013 Cabinet de Avocatur\u0103 Aurelian OPRE -","og_description":"Contacteaz\u0103 cabinetul de avocatur\u0103 Aurelia OPRE pentru consultan\u021b\u0103 juridic\u0103. Completeaz\u0103 formularul sau sun\u0103-ne pentru a discuta despre nevoile tale legale.","og_url":"https:\/\/opre.ro\/index.php\/contact\/","article_modified_time":"2024-08-15T18:18:28+00:00","og_image":[{"width":882,"height":233,"url":"https:\/\/opre.ro\/wp-content\/uploads\/2024\/08\/Design-fara-titlu.png","type":"image\/png"}],"twitter_card":"summary_large_image","twitter_misc":{"Est. reading time":"1 minute"},"schema":{"@context":"https:\/\/schema.org","@graph":[{"@type":"WebPage","@id":"https:\/\/opre.ro\/index.php\/contact\/","url":"https:\/\/opre.ro\/index.php\/contact\/","name":"Contacteaz\u0103 Avoca\u021bii No\u0219tri \u2013 Cabinet de Avocatur\u0103 Aurelian OPRE -","isPartOf":{"@id":"https:\/\/opre.ro\/#website"},"primaryImageOfPage":{"@id":"https:\/\/opre.ro\/index.php\/contact\/#primaryimage"},"image":{"@id":"https:\/\/opre.ro\/index.php\/contact\/#primaryimage"},"thumbnailUrl":"https:\/\/opre.ro\/wp-content\/uploads\/2024\/08\/Design-fara-titlu.png","datePublished":"2024-08-11T16:03:21+00:00","dateModified":"2024-08-15T18:18:28+00:00","description":"Contacteaz\u0103 cabinetul de avocatur\u0103 Aurelia OPRE pentru consultan\u021b\u0103 juridic\u0103. Completeaz\u0103 formularul sau sun\u0103-ne pentru a discuta despre nevoile tale legale.","breadcrumb":{"@id":"https:\/\/opre.ro\/index.php\/contact\/#breadcrumb"},"inLanguage":"en-US","potentialAction":[{"@type":"ReadAction","target":["https:\/\/opre.ro\/index.php\/contact\/"]}]},{"@type":"ImageObject","inLanguage":"en-US","@id":"https:\/\/opre.ro\/index.php\/contact\/#primaryimage","url":"https:\/\/opre.ro\/wp-content\/uploads\/2024\/08\/Design-fara-titlu.png","contentUrl":"https:\/\/opre.ro\/wp-content\/uploads\/2024\/08\/Design-fara-titlu.png","width":882,"height":233},{"@type":"BreadcrumbList","@id":"https:\/\/opre.ro\/index.php\/contact\/#breadcrumb","itemListElement":[{"@type":"ListItem","position":1,"name":"Home","item":"https:\/\/opre.ro\/"},{"@type":"ListItem","position":2,"name":"Contacteaz\u0103 Avoca\u021bii No\u0219tri \u2013 Cabinet de Avocatur\u0103 Aurelian OPRE"}]},{"@type":"WebSite","@id":"https:\/\/opre.ro\/#website","url":"https:\/\/opre.ro\/","name":"","description":"","potentialAction":[{"@type":"SearchAction","target":{"@type":"EntryPoint","urlTemplate":"https:\/\/opre.ro\/?s={search_term_string}"},"query-input":{"@type":"PropertyValueSpecification","valueRequired":true,"valueName":"search_term_string"}}],"inLanguage":"en-US"}]}},"_links":{"self":[{"href":"https:\/\/opre.ro\/index.php\/wp-json\/wp\/v2\/pages\/114","targetHints":{"allow":["GET"]}}],"collection":[{"href":"https:\/\/opre.ro\/index.php\/wp-json\/wp\/v2\/pages"}],"about":[{"href":"https:\/\/opre.ro\/index.php\/wp-json\/wp\/v2\/types\/page"}],"author":[{"embeddable":true,"href":"https:\/\/opre.ro\/index.php\/wp-json\/wp\/v2\/users\/1"}],"replies":[{"embeddable":true,"href":"https:\/\/opre.ro\/index.php\/wp-json\/wp\/v2\/comments?post=114"}],"version-history":[{"count":17,"href":"https:\/\/opre.ro\/index.php\/wp-json\/wp\/v2\/pages\/114\/revisions"}],"predecessor-version":[{"id":460,"href":"https:\/\/opre.ro\/index.php\/wp-json\/wp\/v2\/pages\/114\/revisions\/460"}],"wp:featuredmedia":[{"embeddable":true,"href":"https:\/\/opre.ro\/index.php\/wp-json\/wp\/v2\/media\/87"}],"wp:attachment":[{"href":"https:\/\/opre.ro\/index.php\/wp-json\/wp\/v2\/media?parent=114"}],"curies":[{"name":"wp","href":"https:\/\/api.w.org\/{rel}","templated":true}]}}